 = -2*t - g - 297, -g - 591 = -4*t. Suppose -145*n - 3118 = -t*n. Suppose 3*m = -2*i + n, 3*i + 8*m = 4*m + 2341. Is i a composite number?
False
Let c(x) be the first derivative of -x**3/3 - 13*x**2 - 26*x - 132. Let l(a) = -18*a**2 - 2*a - 1. Let z be l(-1). Is c(z) composite?
False
Suppose -3*o = 3*z + z, -5*o = -z. Suppose 0*w - 6*w = o. Suppose 8*x - 4*x - 20684 = w. Is x composite?
False
Is (140013/94*2/12)/(9/8796) a composite number?
True
Suppose -18663315 - 14463866 = -73*j. Is j prime?
True
Let w(k) = 1980*k**2 - 49*k - 236. Is w(-13) a prime number?
True
Suppose 4*m = 16, b - 11463 = 6*b - 2*m. Let c = 3540 + b. Is c a composite number?
False
Let p(g) = 177*g + 5. Let x be p(8). Let y = x + -632. Is y prime?
False
Let f = -20935 + 29456. Is f a composite number?
False
Let a be (10 + -28)*(-11)/2. Suppose -d = 38 + a. Let v = 54 - d. Is v a prime number?
True
Is (8 - -5)/156 + 610187/12 a prime number?
True
Let m = -68 + 76. Suppose 0*v + 80 = m*v. Is (-2)/(-5) + 11026/v a composite number?
False
Let c(o) = 13 - 9 - 4*o + 5 - 11*o**2 - 3*o**3. Let n(q) = 6*q - 1. Let l be n(-1). Is c(l) prime?
False
Is 10 - (21 + -3247177)/4 prime?
True
Suppose -2*j - 9*h = -26884 - 106474, -5*j = -3*h - 333191. Is j a prime number?
True
Let m = 3909 + -8909. Let g = -889 - m. Is g prime?
True
Let y = -88 - -94. Suppose -y*j + 10*j + x - 1921 = 0, -3*j + 1432 = -x. Is j a prime number?
True
Let i(r) = r**3 - 8*r**2 + 4*r + 23. Let n be i(7). Let o(t) = -8*t + 20 + 0*t**n + 4*t**2 + 3*t. Is o(13) a composite number?
False
Let z(g) = 4*g**2 - 2*g - 4. Let l be z(4). Let c(j) = j**2 + 2*j - 1. Let u be c(-4). Let p = l + u. Is p composite?
False
Suppose 0 = -8*h - 4512 - 12856. Let m = h - -755. Let c = -899 - m. Is c prime?
False
Let r be 6/2 - 3 - 967. Let k = r + 1368. Let h = -144 + k. Is h prime?
True
Let m be (-32)/(-20)*(-30)/(-12). Let y(d) = 266*d + 3. Is y(m) composite?
True
Suppose -4*b + 20 = 2*c, -3*b - 5*c + 11 = 3. Suppose -20389 = -b*m + 92429. Is m prime?
True
Let w be (1 - (-8)/(-1))/((-133)/1760255). Suppose -16*z + w = -11*z. Is z prime?
False
Let l(q) = 297*q + 14. Let v be l(1). Let p be 1*(-13)/(-2)*2. Suppose v = p*h - 12*h. Is h a prime number?
True
Suppose 0 = -n - 0*n - 5*o - 3, -3*o - 15 = -6*n. Suppose -2*g + 0*a + 50307 = -5*a, n*g + 5*a = 50297. Is g a composite number?
True
Let s = 2675 + -1609. Let u(q) = -485*q**2 + q + 1. Let w be u(1). Let y = w + s. Is y a prime number?
False
Let r = 30 - 30. Let u = r - -8. Suppose 4*y = u, 3*y + 1252 = 3*b - b. Is b a composite number?
True
Suppose -c - 3*j = -7, -2*j = 5*c + 18 - 1. Let z(w) = -18*w**3 + 9*w**2 + 6*w + 14. Is z(c) prime?
True
Let i = -851747 + 1452240. Is i a prime number?
False
Let f(c) = 6*c**2 + 11*c + 27. Let r(a) = -2*a**2 + 10*a + 9. Let d be r(5). Suppose -d*l + 10*l = -14. Is f(l) a prime number?
True
Suppose -267369 = -5*v + l, -4*v - 48*l + 213900 = -50*l. Is v prime?
False
Let b = -135 - -138. Suppose 9531 = b*t + 1038. Is t a prime number?
False
Suppose 131*p - 3953192 = 5449857. Is p a composite number?
True
Let y(w) = 605*w**2 + 8*w + 8. Let n be y(-1). Is ((-242)/n)/((4/93185)/(-2)) a composite number?
False
Let w be ((-2)/(-6))/(((-30)/63)/(-10)). Suppose w*j = 6877 + 5394. Is j prime?
True
Let u be (-43 - 59) + (1*3 - 0). Let c = u + 105. Suppose 2*r = -c*r + 5336. Is r prime?
False
Suppose 4*x - 45812 = 5*n - 242157, 4*x = 2*n - 78550. Is n prime?
False
Suppose h + 5*a - 274612 = 0, 2*h + 3*a + 106422 = 655611. Is h composite?
True
Is ((-32642454)/65)/(30/(-75)) a composite number?
True
Suppose 100894791 = 235*u + 336*u + 26*u. Is u composite?
False
Let h(z) = -2083*z**3 + z + 1. Let x be h(-1). Suppose 5*u + r - x = 0, -2*r = -4*u + 1161 + 511. Suppose 7*f = u + 3286. Is f composite?
True
Is (-4439037)/(-15) + 39/195 - -1 a prime number?
True
Suppose -5*a - 11400 = -4*x + 14341, 25 = -5*a. Let i = 3293 + x. Is i composite?
True
Let m be ((-35438)/39)/(4/6). Let g = m - -2114. Is g prime?
True
Suppose -h + 482 = -297. Let n be 3/(9/(-984))*-1. Let b = h - n. Is b composite?
True
Let g = 571 - 891. Let r = g + 699. Is r a composite number?
False
Let c(l) = 73 + 16 + 14 + 191*l + 7. Is c(27) composite?
True
Let u(m) = -5*m**2 - 3*m - 7. Let j(y) = 2*y**2 + y + 2. Let g(x) = 7*j(x) + 2*u(x). Let i be g(-1). Is 1 - i - (-2 - (-2462)/(-2)) composite?
False
Suppose -11*o - 24105 = 18817. Let k = o + 7171. Is k a prime number?
False
Let z(i) = 3*i**2 - 17*i - 1. Let g be z(6). Suppose -g*x - 53093 = -3*l - 1079, -4*l - x = -69352. Is l prime?
False
Let y(h) = 438*h - 16. Let j be y(10). Let q = j - 2161. Is q prime?
True
Suppose -3*x - 4*x + 14 = 0. Suppose w = 5*t - 44012, 4916 = -x*t - 4*w + 22534. Is t composite?
False
Let p(s) = 3729*s. Let a be p(1). Suppose -a - 4711 = -8*n. Is n prime?
False
Suppose 0 = 10*p + 701 - 781. Suppose 0 = -p*x + 105009 - 23617. Is x a composite number?
True
Suppose 3*x - 22 = -2*t, 4*x - 2 = 4*t - 6. Suppose -2*z = -x*z + 532. Let j = z - 153. Is j prime?
True
Let x be (-1 - -6)/((-12)/(-8) - 1). Let c(y) = -8*y**2 + 7*y + 38. Let i(u) = -7*u**2 + 6*u + 37. Let h(v) = -4*c(v) + 3*i(v). Is h(x) a prime number?
False
Let v be 129*3*(-4 + 7). Let a = 200 + v. Is a a prime number?
True
Let j(s) = -7 + 869*s - 521*s + 1740*s. Is j(5) composite?
False
Let j = -351 + 331. Is (j - -20) + (5388 - 1) a prime number?
True
Is ((1 - 1) + -2)*9/((-198)/223091) a prime number?
False
Let p(l) = 4*l**2 + 13*l + 11. Let v be p(-6). Let m = v + -65. Suppose -m = -4*c, 0*u + u + 2*c = 161. Is u composite?
True
Let n(o) = -o**3 + 11*o**2 - o - 78. Let m be n(-8). Let l be (1 + -446)/(-1 - 0). Let k = m - l. Is k a prime number?
True
Suppose 2373 = -13*p + 43310. Suppose -5*k + 7845 = -2*n, k + 3*n + p = 3*k. Is k prime?
True
Let f be 63/42 - (-7)/2. Suppose j - 4*z = 4*j - 26255, 0 = 4*j + f*z - 35006. Is j a prime number?
False
Suppose 3*b - 56311 = -5*x, 2*b + x = b + 18767. Suppose 20*o - b = 14*o. Is o composite?
True
Let u be ((-2)/(10/5))/(0 + -1). Suppose 0 = 10*p - 9 - u. Is (2 + -3)/(-1) + p + 1067 prime?
True
Let j(l) = -34*l**3 - l**2 + 5*l - 7. Let c be -1 - (2/13 - (-171)/(-13)). Let x(o) = o - 15. Let r be x(c). Is j(r) composite?
False
Let c(d) = -11*d**3 - 32*d**2 - 65*d + 3. Is c(-22) prime?
False
Let t(g) = -3*g**3 + 4*g**2 - 3*g + 20. Let r be t(7). Let j = 133 - r. Is j prime?
True
Let v(a) = 137*a**3 + 211*a**2 + 7*a + 7. Is v(6) prime?
False
Suppose -224069 = -2*b - f, -23*b + 22*b + 112057 = -4*f. Is b a prime number?
False
Let x(o) = 9223*o. Let k(g) = -18445*g + 2. Let b(c) = 2*k(c) + 5*x(c). Is b(1) composite?
True
Let x(y) = -3*y**2 + 0*y**3 + 5 - 13*y + 3*y**3 + 7*y**3. Let l be 10 - (-32)/(-4) - (-16)/4. Is x(l) composite?
False
Let v(p) = -11*p + 1. Suppose 2*j - 10 = 2*m - 2*j, 5*j - 20 = 0. Suppose -4*f - 59 = m*n, -n + 16 + 11 = -2*f. Is v(f) a prime number?
False
Suppose 70 = 42*n - 7*n. Suppose -n*j = -15*j + 7631. Is j a prime number?
True
Let v(r) = 663*r**2 + 167*r + 20. Let j be v(18). Suppose 13*q = -47629 + j. Is q a composite number?
False
Suppose 5*a - 4808 = a - 3*q, 2*q - 2402 = -2*a. Suppose -2*o - 2*x = a - 9961, -2*x + 4377 = o. Is o a composite number?
True
Suppose -3*l + 4*o = o - 53997, -4*o = 2*l - 36004. Suppose -m + l = 2*r - 4479, 0 = -5*m + 4*r + 112325. Is m prime?
True
Suppose -216*y - 2*k + 489919 = -213*y, 2*k - 163305 = -y. Is y a composite number?
False
Let m = 128 - 189. Let o = m - -69. Suppose 0 = -3*k - n + 229, 3*k + 4*n - o*n - 239 = 0. Is k a composite number?
True
Let m = -80889 - -119962. Is m a composite number?
True
Let v(h) = 6*h + 974. Let d(r) = r - 1. Let s(a) = -5*d(a) + v(a). Suppose -2*x = -3*x. Is s(x) a prime number?
False
Let b = -311198 + 538435. Is b prime?
False
Suppose 0 = 3*s + j - 13, 4*j = -0*s + 5*s - 33. Suppose 0 = 2*l - 5*v - 13790, 2*v + 34537 = s*l + 5*v. Is l a prime number?
False
Suppose -g + 0*g + 4734 = 3*k, 5*g = -3*k + 4734. Is k + (-3)/15*5 composite?
True
Suppose -3*h - 9218 - 9043 = 0. Let b = h + 12074. Is b prime?
True
Is (28/42)/((-1)/(-108483)) a composite number?
True
Suppose -757*n + 1121994 = -755*n + 4*d, -5*n = -d - 2804930. Is n composite?
True
Let o = -43 + 67. Is (0 - 61)*-32 - o/8 composite?
False
Let t = -9483 + 264. L